 -3*f. List the prime factors of i.
2, 11, 17
Let y(j) be the second derivative of -j**5/20 + j**4 + j**3/3 - 3*j**2 + 7*j. Let n be y(12). What are the prime factors of 132/n - (-6)/9?
2
Let d = -115 + 208. Suppose -d = -3*b + 129. What are the prime factors of b?
2, 37
Let a(l) = 3*l - 1. Let v be a(6). Let o = -7 + v. Suppose -2*g + 0*g + o = -4*m, 3*g = 4*m + 15. List the prime factors of g.
5
Suppose 4*j - 2 = 2*j. Let o be (j/2)/(3/30). Suppose -o*g = -2*g - 48. List the prime factors of g.
2
What are the prime factors of (3196/6)/(30/45) + 1?
2, 5
Let o = 1555 - 1111. Suppose -2*z - z - 3*w = -o, 4*w = -16. What are the prime factors of z?
2, 19
Let l(c) = -4*c + 29. Let d be l(5). What are the prime factors of ((-12)/14)/(-3*d/4725)?
2, 3, 5
Let n(i) = i - 44. Let w be n(28). List the prime factors of w/4*1 - -238.
2, 3, 13
Let o(v) = 0*v - 4 - 9*v + 3*v. Let r(g) = -g. Let t(b) = -o(b) + 5*r(b). What are the prime factors of t(0)?
2
Let v = -25 - -19. What are the prime factors of 130/(-3)*9/v?
5, 13
What are the prime factors of -14*421/(-2) + 124/62?
3, 983
Let u = 1850 - 1318. List the prime factors of u.
2, 7, 19
Let s = -25 + 27. Suppose -4*i + 3*x + 749 = -s*x, 5*i - 5*x - 930 = 0. List the prime factors of i.
181
Suppose o = 20 - 1. Let f = -36 + o. Let r = f - -25. List the prime factors of r.
2
Let z = -551 - -919. Suppose 3*l + 5*y - z = 0, 0*l - 403 = -3*l + 2*y. What are the prime factors of l?
131
Suppose -c = 2*h - 13, -2*c = 5*h - c - 37. Let t = h + 0. Let x = 0 + t. List the prime factors of x.
2
Suppose 0*x - 8*x + 56 = 0. Suppose 1421 - 21 = x*y. List the prime factors of y.
2, 5
Suppose 0 = 88*c - 75*c - 2288. What are the prime factors of c?
2, 11
Let f(u) = 47*u**2 - 15*u + 2. What are the prime factors of f(3)?
2, 5, 19
Suppose -4*c + 27 = -29. Let d(y) = 11*y + 5*y - 6*y + 2*y - y**3 - 12*y**2 + c. What are the prime factors of d(-13)?
3
Suppose -5*j + 10 = 0, 5*d - 4*j = -j + 74. Suppose -1 = 5*n - d. Suppose -5*v = 2*s - 34, -5*v - 4*s + 4 = -n*v. List the prime factors of v.
2
Let u = 82 - 191. Let o = 118 + u. What are the prime factors of o?
3
Let p(h) be the third derivative of -h**6/120 + 2*h**5/15 + 3*h**4/8 - 19*h**3/6 - 15*h**2. What are the prime factors of p(4)?
3
Let l(m) = m**3 + 9*m**2 + 3. Suppose -25 = -4*w - w, 0 = -3*z - w + 11. Suppose 2*a - 12 = 2*v, -2*v + 0*a - z*a = 24. List the prime factors of l(v).
3
Let k = 2 - 12. Let l(h) = -3*h + 8. Let y be l(k). List the prime factors of y/4*8/4.
19
Let w be (-2)/(-4)*(6 - 4). Suppose 0 = -4*f + 5*b + 5, f - 4*b = -6 - w. List the prime factors of f.
5
Let b(f) = 457*f**2 + f - 1. List the prime factors of b(-1).
5, 7, 13
Let t(f) = -22*f**3 + 4*f**2 + 9*f + 7. List the prime factors of t(-3).
2, 5, 61
Let z(p) = -p**2 + p - 138. Let k be z(0). Let t = k + 207. What are the prime factors of t?
3, 23
Suppose 5*t - m = 65 + 973, -4*t + 3*m = -826. List the prime factors of t.
2, 13
Let v be (-2 + 0)/(5/(-15)). Suppose v*k = -4*k + 180. What are the prime factors of k?
2, 3
Suppose -2*x - 4*c + 64 = x, 4*c - 4 = 0. Let g be (-2 - (1 + (-5)/2))*10. Let d = x + g. List the prime factors of d.
3, 5
Let l(c) = 850*c + 170. List the prime factors of l(3).
2, 5, 17
Let r be (-2)/(5/((-180)/2)). Suppose -r*o = -37*o + 56. What are the prime factors of o?
2, 7
Let u(v) = 3734*v**2 - 85*v - 1. What are the prime factors of u(-1)?
2, 23, 83
List the prime factors of (-14283)/(-45) - 10/25.
317
Let a(o) = -o**2 - 3*o + 6. Let u be a(-5). Let b(l) = -l**3 - 3*l**2 + 3*l + 2. Let g be b(u). Suppose -v = -g*v + 80. List the prime factors of v.
2
Let f(d) = 7*d**2 - 27*d + 9. Let g be f(8). Suppose 5*h - 5*o - 279 - 361 = 0, g = 2*h + o. What are the prime factors of h?
3, 41
Let m(s) = -s**3 + 15*s**2 + 35*s - 25. List the prime factors of m(14).
661
Let k(n) be the second derivative of n**4/12 - n**3 - 7*n**2/2 + n. Suppose 0 = -60*a + 66*a - 48. List the prime factors of k(a).
3
Let i(w) = 4772*w**2 + 1. What are the prime factors of i(-1)?
3, 37, 43
Suppose y = 4 + 22. Let s = y - -22. What are the prime factors of s?
2, 3
Let s be (2 + 5/(-2))/((-15)/450). Suppose 0 = 20*g - s*g - 495. What are the prime factors of g?
3, 11
Suppose 3*k = 5 + 1. Let o(v) = 2 + 2 + 22*v**k - 3 - 2*v - 2. What are the prime factors of o(-1)?
23
List the prime factors of (3/(-1))/((-708)/1022588).
7, 619
Let a = 71 - 26. Suppose -46*r + 249 = -a*r. What are the prime factors of r?
3, 83
Suppose 0 = -1207*h + 1204*h + 2589. What are the prime factors of h?
863
Let m(f) = -454*f**3 + 3*f**2 + 8*f + 6. List the prime factors of m(-1).
5, 7, 13
Let u = 6742 - 2810. List the prime factors of u.
2, 983
Suppose -2*n - 6161 + 15809 = 0. List the prime factors of n.
2, 3, 67
Let d = 848 + -352. List the prime factors of d.
2, 31
Suppose 4*s - 5*t - 23 = 0, 2*s - 3*t = -8*t - 11. Let o(j) = 7*j**3 + j**2 + 2*j + 1. Let c be o(s). Suppose 5*w - 50 - c = 0. What are the prime factors of w?
23
Suppose -4*u + 10 = -18. Suppose 0 = -u*p + 2*p + 10. Suppose 5*z + 4 = -5*k + 149, p*k = 6. List the prime factors of z.
2, 13
Let a = -361 + 543. List the prime factors of a.
2, 7, 13
Let c(t) = 22*t + 77. List the prime factors of c(17).
11, 41
Let y(n) = -n**2 - 11*n - 10. Let l(q) = -q**2 + 7*q - 8. Let i(v) = 6*v**2 - v. Let f be i(-1). Let p be l(f). What are the prime factors of y(p)?
2, 7
Let w(a) = 3*a + 3. Let h be w(-6). Suppose 120 = -8*d + 3*d. Let z = h - d. What are the prime factors of z?
3
Suppose l - 120 = 2*j, -l + 5*l = 2*j + 486. Let a = l - 17. Let r = -24 + a. What are the prime factors of r?
3
Let x be -88 + (4/(-5) - (-6)/(-30)). Let g = x + 301. What are the prime factors of g?
2, 53
Suppose -61256 = -272*i + 259*i. List the prime factors of i.
2, 19, 31
Let w be 43/2 - (-5)/(-10). What are the prime factors of (-124)/(-6)*w/14?
31
Let t(i) = -10*i**2 + 4*i - 9. Let z be t(7). Let p = -306 - z. List the prime factors of p.
3, 5, 11
Let y(x) = -19*x + 21. Let b be y(-10). Let s = b + -32. List the prime factors of s.
179
Suppose 2*f = 103 - 765. Let c = f + 507. Suppose 3*h + c = 4*b, 5*b - b + h - 160 = 0. List the prime factors of b.
41
What are the prime factors of -6*(-2)/48*3532?
883
Let h(m) = 56*m**2 + 9*m - 10. What are the prime factors of h(-3)?
467
Suppose -75*m + 78*m = 24. Let l(v) = 3*v - v**3 + 3 + v**2 + 7*v**2 + 0. List the prime factors of l(m).
3
Let u(r) = -11*r. Let p = 26 + -22. Suppose 0*s + 28 = -p*s. What are the prime factors of u(s)?
7, 11
Suppose 0 = 4*o + 4*g - 6372, 3*g - 4771 = -3*o - 2*g. What are the prime factors of o?
1597
Suppose q = 1 + 2. Suppose -2*j - 4*k = 3*j - 119, 2*j = q*k + 43. What are the prime factors of j?
23
Suppose -3*l - 3045 = -5*b - 11389, 0 = 3*b - 12. What are the prime factors of l?
2, 17, 41
Let h = 111 - -19. Suppose 3*l - 190 = -5*x, 3*x - h = -4*l - l. List the prime factors of x.
5, 7
Let q(j) = 2*j**2 - 4*j - 41. Let o be q(-15). Let x = o - 210. List the prime factors of x.
7, 37
List the prime factors of (-2)/(-3) - (4008/(-9) + 1).
5, 89
Suppose -i = 4*a + 3 + 7, 2 = 3*a - 4*i. What are the prime factors of (-2360)/(-28) + 2 + a/7?
2, 43
Let n(o) = 4*o + 16. Let k be n(16). List the prime factors of 18/(-4)*k/(-30).
2, 3
Let b = -173 + 288. Suppose -m + b = 4*m. What are the prime factors of m?
23
Suppose 4*m - 2*a = -m + 105, -59 = -3*m + 2*a. Suppose 2*h - 3*y - 12 - 94 = 0, -h + 2*y + 51 = 0. Let g = h - m. List the prime factors of g.
2, 3
Let z = -7178 - -11319. What are the prime factors of z?
41, 101
Suppose 0 = -4*v - 4*j - j + 8, v = 3*j + 2. Suppose k - 6*k - v*o - 15 = 0, 4*k = 3*o + 11. What are the prime factors of 15/(-5) - 58/k?
5, 11
Let m = -7 + 3. Let v be (12/8 - m)*-2. Let u(t) = t**3 + 12*t**2 + 9*t - 13. List the prime factors of u(v).
3
Suppose -3*q + 6*q + 87 = 0. Let c be 14/42*(-5)/(5/63). Let k = c - q. What are the prime factors of k?
2
Let t(n) = 5 - 7 + 3*n**2 + 4*n**2. Let i be t(4). What are the prime factors of i/8 + (-2)/(-8)?
2, 7
Let c = 24 - 18. Suppose -195 = -c*f + 3*f. List the prime factors of f.
5, 13
Let x = -193 - -322. Suppose 5*a - 180 = -3*r + x, -3*r = -4*a + 231. Let k = -26 + a. List the prime factors of k.
2, 17
Let i(z) = z**3 + 6*z**2 - 9*z. Let u = -147